CRAN Package Check Results for Package circlize

Last updated on 2024-06-13 05:59:00 CEST.

Flavor Version Tinstall Tcheck Ttotal Status Flags
r-devel-linux-x86_64-debian-clang 0.4.16 19.91 152.60 172.51 OK
r-devel-linux-x86_64-debian-gcc 0.4.16 13.13 88.19 101.32 ERROR
r-devel-linux-x86_64-fedora-clang 0.4.16 206.49 OK
r-devel-linux-x86_64-fedora-gcc 0.4.16 209.52 OK
r-devel-windows-x86_64 0.4.16 15.00 144.00 159.00 OK
r-patched-linux-x86_64 0.4.16 19.15 148.12 167.27 OK
r-release-linux-x86_64 0.4.16 18.75 145.74 164.49 OK
r-release-macos-arm64 0.4.16 58.00 OK
r-release-macos-x86_64 0.4.16 101.00 OK
r-release-windows-x86_64 0.4.16 15.00 143.00 158.00 OK
r-oldrel-macos-arm64 0.4.16 69.00 OK
r-oldrel-macos-x86_64 0.4.16 164.00 OK
r-oldrel-windows-x86_64 0.4.16 19.00 169.00 188.00 OK

Additional issues

noSuggests

Check Details

Version: 0.4.16
Check: package dependencies
Result: NOTE Package suggested but not available for checking: ‘dendextend’ Flavor: r-devel-linux-x86_64-debian-gcc

Version: 0.4.16
Check: examples
Result: ERROR Running examples in ‘circlize-Ex.R’ failed The error most likely occurred in: > base::assign(".ptime", proc.time(), pos = "CheckExEnv") > ### Name: circos.dendrogram > ### Title: Add circular dendrograms > ### Aliases: circos.dendrogram > > ### ** Examples > > load(system.file(package = "circlize", "extdata", "bird.orders.RData")) > > labels = hc$labels # name of birds > ct = cutree(hc, 6) # cut tree into 6 pieces > n = length(labels) # number of bird species > dend = as.dendrogram(hc) > > circos.par(cell.padding = c(0, 0, 0, 0)) > circos.initialize(sectors = "a", xlim = c(0, n)) # only one sector > max_height = attr(dend, "height") # maximum height of the trees > circos.trackPlotRegion(ylim = c(0, 1), bg.border = NA, track.height = 0.3, + panel.fun = function(x, y) { + for(i in seq_len(n)) { + circos.text(i-0.5, 0, labels[i], adj = c(0, 0.5), + facing = "clockwise", niceFacing = TRUE, + col = ct[labels[i]], cex = 0.7) + } + }) > > suppressPackageStartupMessages(require(dendextend)) Warning in library(package, lib.loc = lib.loc, character.only = TRUE, logical.return = TRUE, : there is no package called ‘dendextend’ > dend = color_branches(dend, k = 6, col = 1:6) Error in color_branches(dend, k = 6, col = 1:6) : could not find function "color_branches" Execution halted Flavor: r-devel-linux-x86_64-debian-gcc