Last updated on 2025-01-12 19:49:09 CET.
Flavor | Version | Tinstall | Tcheck | Ttotal | Status | Flags |
---|---|---|---|---|---|---|
r-devel-linux-x86_64-debian-clang | 0.16.1 | 18.79 | 110.87 | 129.66 | OK | |
r-devel-linux-x86_64-debian-gcc | 0.16.1 | 13.10 | 73.10 | 86.20 | OK | |
r-devel-linux-x86_64-fedora-clang | 0.16.1 | 212.56 | OK | |||
r-devel-linux-x86_64-fedora-gcc | 0.16.1 | 198.78 | OK | |||
r-devel-windows-x86_64 | 0.16.1 | 24.00 | 141.00 | 165.00 | OK | |
r-patched-linux-x86_64 | 0.16.1 | 22.86 | 102.35 | 125.21 | OK | |
r-release-linux-x86_64 | 0.16.1 | 19.29 | 104.49 | 123.78 | OK | |
r-release-macos-arm64 | 0.16.1 | 55.00 | NOTE | |||
r-release-macos-x86_64 | 0.16.1 | 106.00 | NOTE | |||
r-release-windows-x86_64 | 0.16.1 | 23.00 | 137.00 | 160.00 | NOTE | |
r-oldrel-macos-arm64 | 0.16.1 | 57.00 | NOTE | |||
r-oldrel-macos-x86_64 | 0.16.1 | 127.00 | NOTE | |||
r-oldrel-windows-x86_64 | 0.16.1 | 26.00 | 162.00 | 188.00 | NOTE |
Version: 0.16.1
Check: installed package size
Result: NOTE
installed size is 7.7Mb
sub-directories of 1Mb or more:
R 2.8Mb
extdata 4.3Mb
Flavors: r-release-macos-arm64, r-release-macos-x86_64, r-release-windows-x86_64, r-oldrel-macos-arm64, r-oldrel-macos-x86_64, r-oldrel-windows-x86_64