CRAN Package Check Results for Package chopthin

Last updated on 2024-06-14 05:58:18 CEST.

Flavor Version Tinstall Tcheck Ttotal Status Flags
r-devel-linux-x86_64-debian-clang 0.2.2 20.52 30.72 51.24 OK
r-devel-linux-x86_64-debian-gcc 0.2.2 15.38 21.29 36.67 ERROR
r-devel-linux-x86_64-fedora-clang 0.2.2 73.58 OK
r-devel-linux-x86_64-fedora-gcc 0.2.2 69.74 OK
r-devel-windows-x86_64 0.2.2 19.00 58.00 77.00 OK
r-patched-linux-x86_64 0.2.2 17.53 28.75 46.28 OK
r-release-linux-x86_64 0.2.2 19.75 29.73 49.48 OK
r-release-macos-arm64 0.2.2 22.00 OK
r-release-macos-x86_64 0.2.2 33.00 OK
r-release-windows-x86_64 0.2.2 17.00 60.00 77.00 OK
r-oldrel-macos-arm64 0.2.2 23.00 OK
r-oldrel-macos-x86_64 0.2.2 36.00 OK
r-oldrel-windows-x86_64 0.2.2 17.00 69.00 86.00 OK

Check Details

Version: 0.2.2
Check: package dependencies
Result: NOTE Package suggested but not available for checking: ‘testthat’ Flavor: r-devel-linux-x86_64-debian-gcc

Version: 0.2.2
Check: tests
Result: ERROR Running ‘testthat.R’ [0s/0s] Running the tests in ‘tests/testthat.R’ failed. Complete output: > library(testthat) Error in library(testthat) : there is no package called 'testthat' Execution halted Flavor: r-devel-linux-x86_64-debian-gcc