CRAN Package Check Results for Package chngpt

Last updated on 2024-06-13 05:59:00 CEST.

Flavor Version Tinstall Tcheck Ttotal Status Flags
r-devel-linux-x86_64-debian-clang 2023.11-29 89.04 244.42 333.46 OK
r-devel-linux-x86_64-debian-gcc 2023.11-29 0.48 1.73 2.21 ERROR
r-devel-linux-x86_64-fedora-clang 2023.11-29 417.29 OK
r-devel-linux-x86_64-fedora-gcc 2023.11-29 412.14 OK
r-devel-windows-x86_64 2023.11-29 69.00 178.00 247.00 OK
r-patched-linux-x86_64 2023.11-29 68.12 225.83 293.95 OK
r-release-linux-x86_64 2023.11-29 55.25 229.36 284.61 OK
r-release-macos-arm64 2023.11-29 111.00 OK
r-release-macos-x86_64 2023.11-29 141.00 OK
r-release-windows-x86_64 2023.11-29 68.00 181.00 249.00 OK
r-oldrel-macos-arm64 2023.11-29 109.00 OK
r-oldrel-macos-x86_64 2023.11-29 229.00 OK
r-oldrel-windows-x86_64 2023.11-29 86.00 241.00 327.00 OK

Check Details

Version: 2023.11-29
Check: package dependencies
Result: ERROR Package required but not available: ‘lme4’ See section ‘The DESCRIPTION file’ in the ‘Writing R Extensions’ manual. Flavor: r-devel-linux-x86_64-debian-gcc