CRAN Package Check Results for Package childsds

Last updated on 2024-06-13 05:59:00 CEST.

Flavor Version Tinstall Tcheck Ttotal Status Flags
r-devel-linux-x86_64-debian-clang 0.8.0 8.39 56.54 64.93 OK
r-devel-linux-x86_64-debian-gcc 0.8.0 0.54 1.71 2.25 ERROR
r-devel-linux-x86_64-fedora-clang 0.8.0 82.40 NOTE
r-devel-linux-x86_64-fedora-gcc 0.8.0 77.41 NOTE
r-devel-windows-x86_64 0.8.0 8.00 69.00 77.00 OK
r-patched-linux-x86_64 0.8.0 8.48 55.98 64.46 OK
r-release-linux-x86_64 0.8.0 5.46 55.59 61.05 OK
r-release-macos-arm64 0.8.0 28.00 OK
r-release-macos-x86_64 0.8.0 39.00 OK
r-release-windows-x86_64 0.8.0 11.00 70.00 81.00 OK
r-oldrel-macos-arm64 0.8.0 28.00 OK
r-oldrel-macos-x86_64 0.8.0 41.00 OK
r-oldrel-windows-x86_64 0.8.0 12.00 79.00 91.00 OK

Check Details

Version: 0.8.0
Check: package dependencies
Result: ERROR Packages required but not available: 'dplyr', 'tidyr', 'tibble', 'reshape2', 'purrr', 'purrrlyr' Package suggested but not available for checking: ‘ggplot2’ See section ‘The DESCRIPTION file’ in the ‘Writing R Extensions’ manual. Flavor: r-devel-linux-x86_64-debian-gcc

Version: 0.8.0
Check: dependencies in R code
Result: NOTE Namespace in Imports field not imported from: ‘gamlss.dist’ All declared Imports should be used. Flavors: r-devel-linux-x86_64-fedora-clang, r-devel-linux-x86_64-fedora-gcc

Version: 0.8.0
Check: data for non-ASCII characters
Result: NOTE Note: found 32 marked UTF-8 strings Flavors: r-devel-linux-x86_64-fedora-clang, r-devel-linux-x86_64-fedora-gcc