CRAN Package Check Results for Package cgaim

Last updated on 2024-06-14 05:58:17 CEST.

Flavor Version Tinstall Tcheck Ttotal Status Flags
r-devel-linux-x86_64-debian-clang 1.0.1 10.00 157.56 167.56 OK
r-devel-linux-x86_64-debian-gcc 1.0.1 0.32 1.61 1.93 ERROR
r-devel-linux-x86_64-fedora-clang 1.0.1 211.60 OK
r-devel-linux-x86_64-fedora-gcc 1.0.1 199.27 OK
r-devel-windows-x86_64 1.0.1 10.00 124.00 134.00 OK
r-patched-linux-x86_64 1.0.1 14.03 153.24 167.27 OK
r-release-linux-x86_64 1.0.1 10.21 154.15 164.36 OK
r-release-macos-arm64 1.0.1 64.00 OK
r-release-macos-x86_64 1.0.1 104.00 OK
r-release-windows-x86_64 1.0.1 10.00 126.00 136.00 OK
r-oldrel-macos-arm64 1.0.1 89.00 OK
r-oldrel-macos-x86_64 1.0.1 182.00 OK
r-oldrel-windows-x86_64 1.0.1 13.00 157.00 170.00 OK

Check Details

Version: 1.0.1
Check: package dependencies
Result: ERROR Packages required but not available: 'cgam', 'gratia' Package suggested but not available for checking: ‘testthat’ See section ‘The DESCRIPTION file’ in the ‘Writing R Extensions’ manual. Flavor: r-devel-linux-x86_64-debian-gcc