CRAN Package Check Results for Package cdlTools

Last updated on 2024-06-13 17:49:05 CEST.

Flavor Version Tinstall Tcheck Ttotal Status Flags
r-devel-linux-x86_64-debian-clang 1.13 36.45 291.60 328.05 OK
r-devel-linux-x86_64-debian-gcc 1.13 0.37 1.58 1.95 ERROR
r-devel-linux-x86_64-fedora-clang 1.13 396.48 OK
r-devel-linux-x86_64-fedora-gcc 1.13 369.06 OK
r-devel-windows-x86_64 1.13 29.00 173.00 202.00 OK
r-patched-linux-x86_64 1.13 34.40 279.12 313.52 OK
r-release-linux-x86_64 1.13 31.85 284.22 316.07 OK
r-release-macos-arm64 1.13 80.00 OK
r-release-macos-x86_64 1.13 148.00 OK
r-release-windows-x86_64 1.13 27.00 177.00 204.00 OK
r-oldrel-macos-arm64 1.13 91.00 OK
r-oldrel-macos-x86_64 1.13 240.00 OK
r-oldrel-windows-x86_64 1.13 37.00 231.00 268.00 OK

Check Details

Version: 1.13
Check: package dependencies
Result: ERROR Packages required but not available: 'stringr', 'rvest' See section ‘The DESCRIPTION file’ in the ‘Writing R Extensions’ manual. Flavor: r-devel-linux-x86_64-debian-gcc