CRAN Package Check Results for Package cdcsis

Last updated on 2024-06-20 05:53:41 CEST.

Flavor Version Tinstall Tcheck Ttotal Status Flags
r-devel-linux-x86_64-debian-clang 2.0.3 42.27 86.89 129.16 NOTE
r-devel-linux-x86_64-debian-gcc 2.0.3 31.57 64.94 96.51 NOTE
r-devel-linux-x86_64-fedora-clang 2.0.3 180.39 NOTE
r-devel-linux-x86_64-fedora-gcc 2.0.3 177.95 NOTE
r-devel-windows-x86_64 2.0.3 39.00 101.00 140.00 NOTE
r-patched-linux-x86_64 2.0.3 39.58 83.42 123.00 NOTE
r-release-linux-x86_64 2.0.3 38.65 81.35 120.00 NOTE
r-release-macos-arm64 2.0.3 49.00 NOTE
r-release-macos-x86_64 2.0.3 83.00 NOTE
r-release-windows-x86_64 2.0.3 37.00 108.00 145.00 NOTE
r-oldrel-macos-arm64 2.0.3 57.00 NOTE
r-oldrel-macos-x86_64 2.0.3 89.00 NOTE
r-oldrel-windows-x86_64 2.0.3 44.00 121.00 165.00 NOTE

Check Details

Version: 2.0.3
Check: C++ specification
Result: NOTE Specified C++11: please drop specification unless essential Flavors: r-devel-linux-x86_64-debian-clang, r-devel-linux-x86_64-debian-gcc, r-devel-linux-x86_64-fedora-clang, r-devel-linux-x86_64-fedora-gcc, r-devel-windows-x86_64, r-patched-linux-x86_64, r-release-linux-x86_64, r-release-macos-arm64, r-release-macos-x86_64, r-release-windows-x86_64, r-oldrel-macos-arm64, r-oldrel-macos-x86_64, r-oldrel-windows-x86_64