CRAN Package Check Results for Package cdata

Last updated on 2024-06-13 17:49:05 CEST.

Flavor Version Tinstall Tcheck Ttotal Status Flags
r-devel-linux-x86_64-debian-clang 1.2.1 6.05 85.80 91.85 OK
r-devel-linux-x86_64-debian-gcc 1.2.1 3.47 57.29 60.76 ERROR
r-devel-linux-x86_64-fedora-clang 1.2.1 121.90 OK
r-devel-linux-x86_64-fedora-gcc 1.2.1 123.10 OK
r-devel-windows-x86_64 1.2.1 5.00 92.00 97.00 OK
r-patched-linux-x86_64 1.2.1 5.34 83.48 88.82 OK
r-release-linux-x86_64 1.2.1 5.82 81.72 87.54 OK
r-release-macos-arm64 1.2.1 45.00 OK
r-release-macos-x86_64 1.2.1 102.00 OK
r-release-windows-x86_64 1.2.1 5.00 94.00 99.00 OK
r-oldrel-macos-arm64 1.2.1 45.00 OK
r-oldrel-macos-x86_64 1.2.1 111.00 OK
r-oldrel-windows-x86_64 1.2.1 6.00 103.00 109.00 OK

Check Details

Version: 1.2.1
Check: package dependencies
Result: NOTE Package suggested but not available for checking: ‘RSQLite’ Flavor: r-devel-linux-x86_64-debian-gcc

Version: 1.2.1
Check: tests
Result: ERROR Running ‘tinytest.R’ [3s/5s] Running the tests in ‘tests/tinytest.R’ failed. Complete output: > > if ( requireNamespace("tinytest", quietly=TRUE) ){ + tinytest::test_package("cdata") + } Loading required package: wrapr test_RowColOps.R.............. 0 tests test_RowColOps.R.............. 3 tests <1b>[0;32mOK<1b>[0m <1b>[0;34m0.3s<1b>[0m test_XForm.R.................. 0 tests test_XForm.R.................. 6 tests <1b>[0;32mOK<1b>[0m <1b>[0;34m0.1s<1b>[0m test_check.R.................. 0 tests test_check.R.................. 1 tests <1b>[0;32mOK<1b>[0m <1b>[0;36m74ms<1b>[0m test_checks_2.R............... 0 tests test_checks_2.R............... 9 tests <1b>[0;32mOK<1b>[0m <1b>[0;34m0.5s<1b>[0m test_chicks.R................. 0 tests test_chicks.R................. 1 tests <1b>[0;32mOK<1b>[0m <1b>[0;34m0.2s<1b>[0m Loading required package: rquery test_complex_example.R........ 0 tests test_complex_example.R........ 0 tests test_complex_example.R........ 0 tests test_complex_example.R........ 1 tests <1b>[0;32mOK<1b>[0m <1b>[0;34m0.7s<1b>[0m test_composite_control_keys.R. 0 tests test_composite_control_keys.R. 4 tests <1b>[0;32mOK<1b>[0m <1b>[0;36m44ms<1b>[0m test_composite_control_keys_db.R 0 tests test_composite_control_keys_db.R 0 tests <1b>[0;36m3ms<1b>[0m test_dates.R.................. 0 tests test_dates.R.................. 10 tests <1b>[0;32mOK<1b>[0m <1b>[0;36m97ms<1b>[0m test_encode.R................. 0 tests test_encode.R................. 7 tests <1b>[0;32mOK<1b>[0m test_encode.R................. 7 tests <1b>[0;32mOK<1b>[0m test_encode.R................. 8 tests <1b>[0;32mOK<1b>[0m <1b>[0;34m1.4s<1b>[0m test_factor.R................. 0 tests test_factor.R................. 3 tests <1b>[0;32mOK<1b>[0m <1b>[0;36m97ms<1b>[0m test_inv.R.................... 0 tests test_inv.R.................... 1 tests <1b>[0;32mOK<1b>[0m <1b>[0;34m0.1s<1b>[0m test_not_seen_level.R......... 0 tests test_not_seen_level.R......... 1 tests <1b>[0;32mOK<1b>[0m <1b>[0;36m64ms<1b>[0m test_operators.R.............. 0 tests Error in (function (cond) : error in evaluating the argument 'drv' in selecting a method for function 'dbConnect': there is no package called 'RSQLite' Calls: <Anonymous> ... loadNamespace -> withRestarts -> withOneRestart -> doWithOneRestart Execution halted Flavor: r-devel-linux-x86_64-debian-gcc