CRAN Package Check Results for Package cctools

Last updated on 2024-06-16 05:52:50 CEST.

Flavor Version Tinstall Tcheck Ttotal Status Flags
r-devel-linux-x86_64-debian-clang 0.1.2 29.14 32.46 61.60 NOTE
r-devel-linux-x86_64-debian-gcc 0.1.2 22.04 25.44 47.48 NOTE
r-devel-linux-x86_64-fedora-clang 0.1.2 94.75 NOTE
r-devel-linux-x86_64-fedora-gcc 0.1.2 91.90 NOTE
r-devel-windows-x86_64 0.1.2 26.00 62.00 88.00 NOTE
r-patched-linux-x86_64 0.1.2 27.49 33.01 60.50 NOTE
r-release-linux-x86_64 0.1.2 26.61 31.45 58.06 NOTE
r-release-macos-arm64 0.1.2 109.00 NOTE
r-release-macos-x86_64 0.1.2 41.00 NOTE
r-release-windows-x86_64 0.1.2 27.00 65.00 92.00 NOTE
r-oldrel-macos-arm64 0.1.2 50.00 NOTE
r-oldrel-macos-x86_64 0.1.2 80.00 NOTE
r-oldrel-windows-x86_64 0.1.2 32.00 74.00 106.00 NOTE

Check Details

Version: 0.1.2
Check: LazyData
Result: NOTE 'LazyData' is specified without a 'data' directory Flavors: r-devel-linux-x86_64-debian-clang, r-devel-linux-x86_64-debian-gcc, r-devel-linux-x86_64-fedora-clang, r-devel-linux-x86_64-fedora-gcc, r-devel-windows-x86_64, r-patched-linux-x86_64, r-release-linux-x86_64, r-release-macos-arm64, r-release-macos-x86_64, r-release-windows-x86_64, r-oldrel-macos-arm64, r-oldrel-macos-x86_64, r-oldrel-windows-x86_64