CRAN Package Check Results for Package ccid

Last updated on 2024-06-13 17:49:05 CEST.

Flavor Version Tinstall Tcheck Ttotal Status Flags
r-devel-linux-x86_64-debian-clang 1.2.0 4.28 165.58 169.86 OK
r-devel-linux-x86_64-debian-gcc 1.2.0 2.63 30.69 33.32 ERROR
r-devel-linux-x86_64-fedora-clang 1.2.0 199.19 NOTE
r-devel-linux-x86_64-fedora-gcc 1.2.0 195.23 NOTE
r-devel-windows-x86_64 1.2.0 5.00 144.00 149.00 OK
r-patched-linux-x86_64 1.2.0 4.15 163.14 167.29 OK
r-release-linux-x86_64 1.2.0 3.57 156.50 160.07 OK
r-release-macos-arm64 1.2.0 51.00 OK
r-release-macos-x86_64 1.2.0 121.00 OK
r-release-windows-x86_64 1.2.0 5.00 144.00 149.00 OK
r-oldrel-macos-arm64 1.2.0 57.00 OK
r-oldrel-macos-x86_64 1.2.0 89.00 OK
r-oldrel-windows-x86_64 1.2.0 5.00 157.00 162.00 OK

Check Details

Version: 1.2.0
Check: package dependencies
Result: NOTE Package suggested but not available for checking: ‘testthat’ Flavor: r-devel-linux-x86_64-debian-gcc

Version: 1.2.0
Check: tests
Result: ERROR Running ‘testthat.R’ [0s/0s] Running the tests in ‘tests/testthat.R’ failed. Complete output: > library(testthat) Error in library(testthat) : there is no package called 'testthat' Execution halted Flavor: r-devel-linux-x86_64-debian-gcc

Version: 1.2.0
Check: dependencies in R code
Result: NOTE Namespace in Imports field not imported from: ‘GeneNet’ All declared Imports should be used. Flavors: r-devel-linux-x86_64-fedora-clang, r-devel-linux-x86_64-fedora-gcc