CRAN Package Check Results for Package cccp

Last updated on 2024-06-23 17:53:52 CEST.

Flavor Version Tinstall Tcheck Ttotal Status Flags
r-devel-linux-x86_64-debian-clang 0.3-1 253.14 64.92 318.06 OK
r-devel-linux-x86_64-debian-gcc 0.3-1 186.99 47.05 234.04 OK
r-devel-linux-x86_64-fedora-clang 0.3-1 441.50 OK
r-devel-linux-x86_64-fedora-gcc 0.3-1 516.42 OK
r-devel-windows-x86_64 0.3-1 190.00 88.00 278.00 OK
r-patched-linux-x86_64 0.3-1 229.22 62.36 291.58 OK
r-release-linux-x86_64 0.3-1 215.43 62.63 278.06 OK
r-release-macos-arm64 0.3-1 79.00 NOTE
r-release-macos-x86_64 0.3-1 90.00 NOTE
r-release-windows-x86_64 0.3-1 189.00 97.00 286.00 OK
r-oldrel-macos-arm64 0.3-1 97.00 NOTE
r-oldrel-macos-x86_64 0.3-1 127.00 NOTE
r-oldrel-windows-x86_64 0.3-1 232.00 112.00 344.00 OK

Check Details

Version: 0.3-1
Check: installed package size
Result: NOTE installed size is 17.6Mb sub-directories of 1Mb or more: libs 17.3Mb Flavors: r-release-macos-arm64, r-release-macos-x86_64, r-oldrel-macos-arm64, r-oldrel-macos-x86_64