CRAN Package Check Results for Package cbq

Last updated on 2024-07-25 06:52:09 CEST.

Flavor Version Tinstall Tcheck Ttotal Status Flags
r-devel-linux-x86_64-debian-clang 0.2.0.3 1871.74 228.27 2100.01 NOTE
r-devel-linux-x86_64-debian-gcc 0.2.0.3 1659.65 305.27 1964.92 NOTE
r-devel-linux-x86_64-fedora-clang 0.2.0.3 2767.40 NOTE
r-devel-linux-x86_64-fedora-gcc 0.2.0.3 4152.49 NOTE
r-devel-windows-x86_64 0.2.0.3 1542.00 311.00 1853.00 NOTE
r-patched-linux-x86_64 0.2.0.3 1393.40 387.36 1780.76 NOTE
r-release-linux-x86_64 0.2.0.3 0.01 3.05 3.06 ERROR
r-release-macos-arm64 0.2.0.3 638.00 NOTE
r-release-macos-x86_64 0.2.0.3 469.00 NOTE
r-release-windows-x86_64 0.2.0.3 1605.00 295.00 1900.00 NOTE
r-oldrel-macos-arm64 0.2.0.3 676.00 NOTE
r-oldrel-macos-x86_64 0.2.0.3 1113.00 NOTE
r-oldrel-windows-x86_64 0.2.0.3 1970.00 378.00 2348.00 NOTE

Check Details

Version: 0.2.0.3
Check: for GNU extensions in Makefiles
Result: NOTE GNU make is a SystemRequirements. Flavors: r-devel-linux-x86_64-debian-clang, r-devel-linux-x86_64-debian-gcc, r-devel-linux-x86_64-fedora-clang, r-devel-linux-x86_64-fedora-gcc, r-devel-windows-x86_64, r-patched-linux-x86_64, r-release-macos-arm64, r-release-macos-x86_64, r-release-windows-x86_64, r-oldrel-macos-arm64, r-oldrel-macos-x86_64, r-oldrel-windows-x86_64

Version: 0.2.0.3
Check: installed package size
Result: NOTE installed size is 16.3Mb sub-directories of 1Mb or more: libs 15.7Mb Flavors: r-devel-linux-x86_64-fedora-clang, r-devel-windows-x86_64, r-release-macos-arm64, r-release-macos-x86_64, r-release-windows-x86_64, r-oldrel-macos-arm64, r-oldrel-macos-x86_64, r-oldrel-windows-x86_64

Version: 0.2.0.3
Check: whether package can be installed
Result: ERROR Installation failed. Flavor: r-release-linux-x86_64