CRAN Package Check Results for Package cassowaryr

Last updated on 2024-06-13 17:49:05 CEST.

Flavor Version Tinstall Tcheck Ttotal Status Flags
r-devel-linux-x86_64-debian-clang 2.0.0 4.87 201.21 206.08 OK
r-devel-linux-x86_64-debian-gcc 2.0.0 0.32 1.70 2.02 ERROR
r-devel-linux-x86_64-fedora-clang 2.0.0 248.30 OK
r-devel-linux-x86_64-fedora-gcc 2.0.0 248.86 OK
r-devel-windows-x86_64 2.0.0 6.00 152.00 158.00 OK
r-patched-linux-x86_64 2.0.0 4.09 191.12 195.21 OK
r-release-linux-x86_64 2.0.0 4.68 192.06 196.74 OK
r-release-macos-arm64 2.0.0 72.00 OK
r-release-macos-x86_64 2.0.0 114.00 OK
r-release-windows-x86_64 2.0.0 7.00 157.00 164.00 OK
r-oldrel-macos-arm64 2.0.0 77.00 OK
r-oldrel-macos-x86_64 2.0.0 130.00 OK
r-oldrel-windows-x86_64 2.0.0 8.00 194.00 202.00 OK

Check Details

Version: 2.0.0
Check: package dependencies
Result: ERROR Packages required but not available: 'igraph', 'alphahull', 'dplyr', 'ggplot2', 'progress', 'tibble', 'tidyselect' Packages suggested but not available for checking: 'GGally', 'tidyr', 'testthat' See section ‘The DESCRIPTION file’ in the ‘Writing R Extensions’ manual. Flavor: r-devel-linux-x86_64-debian-gcc