CRAN Package Check Results for Package cartographer

Last updated on 2024-06-21 05:58:01 CEST.

Flavor Version Tinstall Tcheck Ttotal Status Flags
r-devel-linux-x86_64-debian-clang 0.2.1 4.09 55.12 59.21 NOTE
r-devel-linux-x86_64-debian-gcc 0.2.1 3.05 40.82 43.87 NOTE
r-devel-linux-x86_64-fedora-clang 0.2.1 74.85 NOTE
r-devel-linux-x86_64-fedora-gcc 0.2.1 83.23 NOTE
r-devel-windows-x86_64 0.2.1 7.00 63.00 70.00 NOTE
r-patched-linux-x86_64 0.2.1 4.18 52.13 56.31 NOTE
r-release-linux-x86_64 0.2.1 4.05 52.82 56.87 NOTE
r-release-macos-arm64 0.2.1 32.00 NOTE
r-release-macos-x86_64 0.2.1 47.00 NOTE
r-release-windows-x86_64 0.2.1 7.00 64.00 71.00 NOTE
r-oldrel-macos-arm64 0.2.1 37.00 NOTE
r-oldrel-macos-x86_64 0.2.1 63.00 NOTE
r-oldrel-windows-x86_64 0.2.1 9.00 71.00 80.00 NOTE

Check Details

Version: 0.2.1
Check: package dependencies
Result: NOTE Package suggested but not available for checking: ‘rnaturalearthhires’ Flavors: r-devel-linux-x86_64-debian-clang, r-devel-linux-x86_64-debian-gcc, r-devel-linux-x86_64-fedora-clang, r-devel-linux-x86_64-fedora-gcc, r-devel-windows-x86_64, r-patched-linux-x86_64, r-release-linux-x86_64, r-release-macos-arm64, r-release-macos-x86_64, r-release-windows-x86_64, r-oldrel-macos-arm64, r-oldrel-macos-x86_64, r-oldrel-windows-x86_64