CRAN Package Check Results for Package camtrapR

Last updated on 2024-06-12 17:57:10 CEST.

Flavor Version Tinstall Tcheck Ttotal Status Flags
r-devel-linux-x86_64-debian-clang 2.3.0 59.82 556.63 616.45 OK
r-devel-linux-x86_64-debian-gcc 2.3.0 1.08 1.91 2.99 ERROR
r-devel-linux-x86_64-fedora-clang 2.3.0 489.90 NOTE
r-devel-linux-x86_64-fedora-gcc 2.3.0 456.51 OK
r-devel-windows-x86_64 2.3.0 46.00 309.00 355.00 NOTE
r-patched-linux-x86_64 2.3.0 60.86 528.31 589.17 OK
r-release-linux-x86_64 2.3.0 55.44 533.40 588.84 OK
r-release-macos-arm64 2.3.0 147.00 NOTE
r-release-macos-x86_64 2.3.0 250.00 NOTE
r-release-windows-x86_64 2.3.0 48.00 311.00 359.00 NOTE
r-oldrel-macos-arm64 2.3.0 157.00 NOTE
r-oldrel-macos-x86_64 2.3.0 348.00 NOTE
r-oldrel-windows-x86_64 2.3.0 60.00 424.00 484.00 NOTE

Check Details

Version: 2.3.0
Check: package dependencies
Result: ERROR Packages required but not available: 'ggplot2', 'lubridate', 'secr' Packages suggested but not available for checking: 'magick', 'nimble', 'nimbleEcology', 'plotly', 'reshape2', 'RSQLite', 'ritis', 'taxize', 'testthat', 'tibble', 'unmarked' See section ‘The DESCRIPTION file’ in the ‘Writing R Extensions’ manual. Flavor: r-devel-linux-x86_64-debian-gcc

Version: 2.3.0
Check: package dependencies
Result: NOTE Package suggested but not available for checking: ‘tesseract’ Flavor: r-devel-linux-x86_64-fedora-clang

Version: 2.3.0
Check: installed package size
Result: NOTE installed size is 7.5Mb sub-directories of 1Mb or more: doc 2.2Mb pictures 4.2Mb Flavors: r-devel-linux-x86_64-fedora-clang, r-devel-windows-x86_64, r-release-macos-arm64, r-release-macos-x86_64, r-release-windows-x86_64, r-oldrel-macos-arm64, r-oldrel-macos-x86_64, r-oldrel-windows-x86_64

Version: 2.3.0
Check: Rd cross-references
Result: NOTE Undeclared package ‘plotrix’ in Rd xrefs Flavor: r-devel-linux-x86_64-fedora-clang