CRAN Package Check Results for Package cPCG

Last updated on 2024-06-16 05:52:50 CEST.

Flavor Version Tinstall Tcheck Ttotal Status Flags
r-devel-linux-x86_64-debian-clang 1.0 32.23 32.60 64.83 NOTE
r-devel-linux-x86_64-debian-gcc 1.0 24.50 25.33 49.83 NOTE
r-devel-linux-x86_64-fedora-clang 1.0 93.91 NOTE
r-devel-linux-x86_64-fedora-gcc 1.0 105.90 NOTE
r-devel-windows-x86_64 1.0 28.00 65.00 93.00 NOTE
r-patched-linux-x86_64 1.0 27.16 31.82 58.98 NOTE
r-release-linux-x86_64 1.0 27.03 31.70 58.73 NOTE
r-release-macos-arm64 1.0 32.00 NOTE
r-release-macos-x86_64 1.0 43.00 NOTE
r-release-windows-x86_64 1.0 28.00 66.00 94.00 NOTE
r-oldrel-macos-arm64 1.0 30.00 NOTE
r-oldrel-macos-x86_64 1.0 54.00 NOTE
r-oldrel-windows-x86_64 1.0 34.00 72.00 106.00 NOTE

Check Details

Version: 1.0
Check: C++ specification
Result: NOTE Specified C++11: please drop specification unless essential Flavors: r-devel-linux-x86_64-debian-clang, r-devel-linux-x86_64-debian-gcc, r-devel-linux-x86_64-fedora-clang, r-devel-linux-x86_64-fedora-gcc, r-devel-windows-x86_64, r-patched-linux-x86_64, r-release-linux-x86_64, r-release-macos-arm64, r-release-macos-x86_64, r-release-windows-x86_64, r-oldrel-macos-arm64, r-oldrel-macos-x86_64, r-oldrel-windows-x86_64