CRAN Package Check Results for Package cIRT

Last updated on 2024-07-14 06:54:19 CEST.

Flavor Version Tinstall Tcheck Ttotal Status Flags
r-devel-linux-x86_64-debian-clang 1.3.2 90.37 402.46 492.83 NOTE
r-devel-linux-x86_64-debian-gcc 1.3.2 60.27 291.61 351.88 NOTE
r-devel-linux-x86_64-fedora-clang 1.3.2 647.26 NOTE
r-devel-linux-x86_64-fedora-gcc 1.3.2 633.34 NOTE
r-devel-windows-x86_64 1.3.2 70.00 384.00 454.00 NOTE
r-patched-linux-x86_64 1.3.2 74.52 377.97 452.49 NOTE
r-release-linux-x86_64 1.3.2 68.06 382.16 450.22 NOTE
r-release-macos-arm64 1.3.2 243.00 NOTE
r-release-macos-x86_64 1.3.2 320.00 NOTE
r-release-windows-x86_64 1.3.2 68.00 387.00 455.00 NOTE
r-oldrel-macos-arm64 1.3.2 239.00 NOTE
r-oldrel-macos-x86_64 1.3.2 367.00 NOTE
r-oldrel-windows-x86_64 1.3.2 83.00 412.00 495.00 NOTE

Check Details

Version: 1.3.2
Check: C++ specification
Result: NOTE Specified C++11: please drop specification unless essential Flavors: r-devel-linux-x86_64-debian-clang, r-devel-linux-x86_64-debian-gcc, r-devel-linux-x86_64-fedora-clang, r-devel-linux-x86_64-fedora-gcc, r-devel-windows-x86_64, r-patched-linux-x86_64, r-release-linux-x86_64, r-release-macos-arm64, r-release-macos-x86_64, r-release-windows-x86_64, r-oldrel-macos-arm64, r-oldrel-macos-x86_64, r-oldrel-windows-x86_64

Version: 1.3.2
Check: installed package size
Result: NOTE installed size is 5.2Mb sub-directories of 1Mb or more: libs 4.9Mb Flavor: r-oldrel-macos-arm64