CRAN Package Check Results for Package busdater

Last updated on 2024-06-15 06:49:42 CEST.

Flavor Version Tinstall Tcheck Ttotal Status Flags
r-devel-linux-x86_64-debian-clang 0.2.0 2.89 42.26 45.15 NOTE
r-devel-linux-x86_64-debian-gcc 0.2.0 2.61 32.11 34.72 NOTE
r-devel-linux-x86_64-fedora-clang 0.2.0 59.16 NOTE
r-devel-linux-x86_64-fedora-gcc 0.2.0 69.22 NOTE
r-devel-windows-x86_64 0.2.0 4.00 52.00 56.00 NOTE
r-patched-linux-x86_64 0.2.0 3.67 41.37 45.04 NOTE
r-release-linux-x86_64 0.2.0 3.32 40.69 44.01 NOTE
r-release-macos-arm64 0.2.0 27.00 NOTE
r-release-macos-x86_64 0.2.0 51.00 NOTE
r-release-windows-x86_64 0.2.0 3.00 54.00 57.00 NOTE
r-oldrel-macos-arm64 0.2.0 29.00 NOTE
r-oldrel-macos-x86_64 0.2.0 42.00 NOTE
r-oldrel-windows-x86_64 0.2.0 4.00 60.00 64.00 NOTE

Check Details

Version: 0.2.0
Check: LazyData
Result: NOTE 'LazyData' is specified without a 'data' directory Flavors: r-devel-linux-x86_64-debian-clang, r-devel-linux-x86_64-debian-gcc, r-devel-linux-x86_64-fedora-clang, r-devel-linux-x86_64-fedora-gcc, r-devel-windows-x86_64, r-patched-linux-x86_64, r-release-linux-x86_64, r-release-macos-arm64, r-release-macos-x86_64, r-release-windows-x86_64, r-oldrel-macos-arm64, r-oldrel-macos-x86_64, r-oldrel-windows-x86_64