CRAN Package Check Results for Package bumblebee

Last updated on 2024-06-24 06:49:08 CEST.

Flavor Version Tinstall Tcheck Ttotal Status Flags
r-devel-linux-x86_64-debian-clang 0.1.0 6.73 53.98 60.71 OK
r-devel-linux-x86_64-debian-gcc 0.1.0 4.70 41.25 45.95 OK
r-devel-linux-x86_64-fedora-clang 0.1.0 77.92 NOTE
r-devel-linux-x86_64-fedora-gcc 0.1.0 86.25 NOTE
r-devel-windows-x86_64 0.1.0 6.00 61.00 67.00 OK
r-patched-linux-x86_64 0.1.0 7.34 53.17 60.51 OK
r-release-linux-x86_64 0.1.0 3.45 53.39 56.84 OK
r-release-macos-arm64 0.1.0 31.00 OK
r-release-macos-x86_64 0.1.0 43.00 OK
r-release-windows-x86_64 0.1.0 6.00 63.00 69.00 OK
r-oldrel-macos-arm64 0.1.0 31.00 OK
r-oldrel-macos-x86_64 0.1.0 44.00 OK
r-oldrel-windows-x86_64 0.1.0 8.00 71.00 79.00 OK

Check Details

Version: 0.1.0
Check: dependencies in R code
Result: NOTE Namespaces in Imports field not imported from: ‘Hmisc’ ‘magrittr’ ‘rmarkdown’ All declared Imports should be used. Flavors: r-devel-linux-x86_64-fedora-clang, r-devel-linux-x86_64-fedora-gcc