CRAN Package Check Results for Package brclimr

Last updated on 2024-06-14 17:58:11 CEST.

Flavor Version Tinstall Tcheck Ttotal Status Flags
r-devel-linux-x86_64-debian-clang 0.2.0 3.03 30.39 33.42 OK
r-devel-linux-x86_64-debian-gcc 0.2.0 2.01 24.07 26.08 OK
r-devel-linux-x86_64-fedora-clang 0.2.0 42.23 NOTE
r-devel-linux-x86_64-fedora-gcc 0.2.0 42.17 NOTE
r-devel-windows-x86_64 0.2.0 3.00 43.00 46.00 OK
r-patched-linux-x86_64 0.2.0 2.24 30.12 32.36 OK
r-release-linux-x86_64 0.2.0 2.39 29.68 32.07 OK
r-release-macos-arm64 0.2.0 19.00 OK
r-release-macos-x86_64 0.2.0 25.00 OK
r-release-windows-x86_64 0.2.0 3.00 46.00 49.00 OK
r-oldrel-macos-arm64 0.2.0 26.00 OK
r-oldrel-macos-x86_64 0.2.0 42.00 OK
r-oldrel-windows-x86_64 0.2.0 4.00 47.00 51.00 OK

Check Details

Version: 0.2.0
Check: data for non-ASCII characters
Result: NOTE Note: found 4 marked UTF-8 strings Flavors: r-devel-linux-x86_64-fedora-clang, r-devel-linux-x86_64-fedora-gcc