CRAN Package Check Results for Package brainR

Last updated on 2024-07-19 18:58:14 CEST.

Flavor Version Tinstall Tcheck Ttotal Status Flags
r-devel-linux-x86_64-debian-clang 1.6.0 10.05 78.65 88.70 NOTE
r-devel-linux-x86_64-debian-gcc 1.6.0 6.46 58.67 65.13 NOTE
r-devel-linux-x86_64-fedora-clang 1.6.0 111.91 NOTE
r-devel-linux-x86_64-fedora-gcc 1.6.0 104.46 NOTE
r-devel-windows-x86_64 1.6.0 9.00 66.00 75.00 NOTE
r-patched-linux-x86_64 1.6.0 13.15 78.02 91.17 NOTE
r-release-linux-x86_64 1.6.0 9.42 76.79 86.21 NOTE
r-release-macos-arm64 1.6.0 47.00 NOTE
r-release-macos-x86_64 1.6.0 54.00 NOTE
r-release-windows-x86_64 1.6.0 8.00 65.00 73.00 NOTE
r-oldrel-macos-arm64 1.6.0 31.00 NOTE
r-oldrel-macos-x86_64 1.6.0 54.00 NOTE
r-oldrel-windows-x86_64 1.6.0 9.00 72.00 81.00 NOTE

Check Details

Version: 1.6.0
Check: LazyData
Result: NOTE 'LazyData' is specified without a 'data' directory Flavors: r-devel-linux-x86_64-debian-clang, r-devel-linux-x86_64-debian-gcc, r-devel-linux-x86_64-fedora-clang, r-devel-linux-x86_64-fedora-gcc, r-devel-windows-x86_64, r-patched-linux-x86_64, r-release-linux-x86_64, r-release-macos-arm64, r-release-macos-x86_64, r-release-windows-x86_64, r-oldrel-macos-arm64, r-oldrel-macos-x86_64, r-oldrel-windows-x86_64

Version: 1.6.0
Check: Rd cross-references
Result: NOTE Found the following Rd file(s) with Rd \link{} targets missing package anchors: brainR-package.Rd: contour3d, rgl makeScene.Rd: contour3d, nifti-class write4D.Rd: writeOBJ, writeSTL, contour3d write4D.file.Rd: writeOBJ, writeSTL, contour3d writeTrianglesSTL.Rd: writeSTL Please provide package anchors for all Rd \link{} targets not in the package itself and the base packages. Flavor: r-devel-windows-x86_64