CRAN Package Check Results for Package bootcluster

Last updated on 2024-07-23 18:58:53 CEST.

Flavor Version Tinstall Tcheck Ttotal Status Flags
r-devel-linux-x86_64-debian-clang 0.3.2 14.56 114.59 129.15 OK
r-devel-linux-x86_64-debian-gcc 0.3.2 9.80 83.51 93.31 OK
r-devel-linux-x86_64-fedora-clang 0.3.2 156.85 NOTE
r-devel-linux-x86_64-fedora-gcc 0.3.2 148.58 NOTE
r-devel-windows-x86_64 0.3.2 12.00 95.00 107.00 OK
r-patched-linux-x86_64 0.3.2 13.95 107.38 121.33 OK
r-release-linux-x86_64 0.3.2 9.59 104.57 114.16 OK
r-release-macos-arm64 0.3.2 47.00 OK
r-release-macos-x86_64 0.3.2 73.00 OK
r-release-windows-x86_64 0.3.2 12.00 95.00 107.00 OK
r-oldrel-macos-arm64 0.3.2 42.00 OK
r-oldrel-macos-x86_64 0.3.2 71.00 OK
r-oldrel-windows-x86_64 0.3.2 15.00 115.00 130.00 OK

Check Details

Version: 0.3.2
Check: dependencies in R code
Result: NOTE Namespace in Imports field not imported from: ‘sna’ All declared Imports should be used. Flavors: r-devel-linux-x86_64-fedora-clang, r-devel-linux-x86_64-fedora-gcc