CRAN Package Check Results for Package boa

Last updated on 2024-07-13 06:49:33 CEST.

Flavor Version Tinstall Tcheck Ttotal Status Flags
r-devel-linux-x86_64-debian-clang 1.1.8-2 5.88 37.72 43.60 NOTE
r-devel-linux-x86_64-debian-gcc 1.1.8-2 3.31 28.11 31.42 NOTE
r-devel-linux-x86_64-fedora-clang 1.1.8-2 55.10 NOTE
r-devel-linux-x86_64-fedora-gcc 1.1.8-2 53.22 NOTE
r-devel-windows-x86_64 1.1.8-2 6.00 57.00 63.00 NOTE
r-patched-linux-x86_64 1.1.8-2 4.62 35.93 40.55 NOTE
r-release-linux-x86_64 1.1.8-2 4.41 36.69 41.10 NOTE
r-release-macos-arm64 1.1.8-2 19.00 NOTE
r-release-macos-x86_64 1.1.8-2 27.00 NOTE
r-release-windows-x86_64 1.1.8-2 6.00 56.00 62.00 NOTE
r-oldrel-macos-arm64 1.1.8-2 20.00 OK
r-oldrel-macos-x86_64 1.1.8-2 29.00 OK
r-oldrel-windows-x86_64 1.1.8-2 6.00 62.00 68.00 OK

Check Details

Version: 1.1.8-2
Check: Rd files
Result: NOTE checkRd: (-1) boa.chain.collapse.Rd:20: Lost braces 20 | \seealso{ code{\link{boa.chain.reset}}, code{\link{boa.chain.subset}} } | ^ checkRd: (-1) boa.chain.collapse.Rd:20: Lost braces 20 | \seealso{ code{\link{boa.chain.reset}}, code{\link{boa.chain.subset}} } | ^ Flavors: r-devel-linux-x86_64-debian-clang, r-devel-linux-x86_64-debian-gcc, r-devel-linux-x86_64-fedora-clang, r-devel-linux-x86_64-fedora-gcc, r-devel-windows-x86_64, r-patched-linux-x86_64, r-release-linux-x86_64, r-release-macos-arm64, r-release-macos-x86_64, r-release-windows-x86_64