CRAN Package Check Results for Package bnstruct

Last updated on 2024-06-14 05:58:17 CEST.

Flavor Version Tinstall Tcheck Ttotal Status Flags
r-devel-linux-x86_64-debian-clang 1.0.15 17.38 109.12 126.50 OK
r-devel-linux-x86_64-debian-gcc 1.0.15 0.55 1.68 2.23 ERROR
r-devel-linux-x86_64-fedora-clang 1.0.15 162.98 OK
r-devel-linux-x86_64-fedora-gcc 1.0.15 170.07 OK
r-devel-windows-x86_64 1.0.15 19.00 122.00 141.00 OK
r-patched-linux-x86_64 1.0.15 22.34 108.65 130.99 OK
r-release-linux-x86_64 1.0.15 19.16 108.38 127.54 OK
r-release-macos-arm64 1.0.15 54.00 OK
r-release-macos-x86_64 1.0.15 94.00 OK
r-release-windows-x86_64 1.0.15 20.00 124.00 144.00 OK
r-oldrel-macos-arm64 1.0.15 58.00 OK
r-oldrel-macos-x86_64 1.0.15 153.00 OK
r-oldrel-windows-x86_64 1.0.15 25.00 139.00 164.00 OK

Check Details

Version: 1.0.15
Check: package dependencies
Result: ERROR Package required but not available: ‘igraph’ Packages suggested but not available for checking: 'qgraph', 'testthat' See section ‘The DESCRIPTION file’ in the ‘Writing R Extensions’ manual. Flavor: r-devel-linux-x86_64-debian-gcc