CRAN Package Check Results for Package bluebike

Last updated on 2024-06-24 06:49:07 CEST.

Flavor Version Tinstall Tcheck Ttotal Status Flags
r-devel-linux-x86_64-debian-clang 0.0.3 9.50 93.70 103.20 NOTE
r-devel-linux-x86_64-debian-gcc 0.0.3 6.05 69.47 75.52 NOTE
r-devel-linux-x86_64-fedora-clang 0.0.3 130.81 NOTE
r-devel-linux-x86_64-fedora-gcc 0.0.3 135.94 NOTE
r-devel-windows-x86_64 0.0.3 9.00 92.00 101.00 NOTE
r-patched-linux-x86_64 0.0.3 7.39 90.95 98.34 NOTE
r-release-linux-x86_64 0.0.3 8.64 90.13 98.77 NOTE
r-release-macos-arm64 0.0.3 54.00 NOTE
r-release-macos-x86_64 0.0.3 119.00 NOTE
r-release-windows-x86_64 0.0.3 10.00 94.00 104.00 NOTE
r-oldrel-macos-arm64 0.0.3 59.00 OK
r-oldrel-macos-x86_64 0.0.3 90.00 OK
r-oldrel-windows-x86_64 0.0.3 10.00 107.00 117.00 OK

Check Details

Version: 0.0.3
Check: Rd files
Result: NOTE checkRd: (-1) bluebike.Rd:17: Lost braces 17 | \item{\code{import_month_data}}\cr {Takes in numeric year/month values and imports data from \href{https://www.bluebikes.com/system-data}{Blue Bikes System Data} for the specified time} | ^ checkRd: (-1) bluebike.Rd:18: Lost braces; missing escapes or markup? 18 | \item{\code{station_distance}}\cr {Returns stations with distance in ascending order given the user's current location} | ^ checkRd: (-1) bluebike.Rd:19: Lost braces; missing escapes or markup? 19 | \item{\code{station_radius}}\cr {Plots the position of the stations within walking distance (500 m), and present the basic information about the stations via leaflet} | ^ checkRd: (-1) bluebike.Rd:20: Lost braces; missing escapes or markup? 20 | \item{\code{trip_distance}}\cr {Computes the geographical distance between the start and end stations} | ^ checkRd: (-1) bluebike.Rd:25: Lost braces; missing escapes or markup? 25 | \item{\code{trip_history_sample}} \cr {A sample of 1000 trip data entries from February 2022} | ^ checkRd: (-1) bluebike.Rd:26: Lost braces; missing escapes or markup? 26 | \item{\code{station_data}} \cr {A dataset that includes identification, position, and other basic information about bluebike stations} | ^ Flavors: r-devel-linux-x86_64-debian-clang, r-devel-linux-x86_64-debian-gcc, r-devel-linux-x86_64-fedora-clang, r-devel-linux-x86_64-fedora-gcc, r-devel-windows-x86_64, r-patched-linux-x86_64, r-release-linux-x86_64, r-release-macos-arm64, r-release-macos-x86_64, r-release-windows-x86_64

Version: 0.0.3
Check: data for non-ASCII characters
Result: NOTE Note: found 7 marked UTF-8 strings Flavors: r-devel-linux-x86_64-fedora-clang, r-devel-linux-x86_64-fedora-gcc