CRAN Package Check Results for Package blme

Last updated on 2024-06-13 17:49:04 CEST.

Flavor Version Tinstall Tcheck Ttotal Status Flags
r-devel-linux-x86_64-debian-clang 1.0-5 14.40 123.97 138.37 OK
r-devel-linux-x86_64-debian-gcc 1.0-5 0.23 1.56 1.79 ERROR
r-devel-linux-x86_64-fedora-clang 1.0-5 166.43 OK
r-devel-linux-x86_64-fedora-gcc 1.0-5 160.76 OK
r-devel-windows-x86_64 1.0-5 11.00 93.00 104.00 OK
r-patched-linux-x86_64 1.0-5 21.61 117.59 139.20 OK
r-release-linux-x86_64 1.0-5 8.74 114.86 123.60 OK
r-release-macos-arm64 1.0-5 49.00 OK
r-release-macos-x86_64 1.0-5 96.00 OK
r-release-windows-x86_64 1.0-5 12.00 96.00 108.00 OK
r-oldrel-macos-arm64 1.0-5 53.00 OK
r-oldrel-macos-x86_64 1.0-5 87.00 OK
r-oldrel-windows-x86_64 1.0-5 15.00 123.00 138.00 OK

Check Details

Version: 1.0-5
Check: package dependencies
Result: ERROR Package required but not available: ‘lme4’ Package suggested but not available for checking: ‘testthat’ See section ‘The DESCRIPTION file’ in the ‘Writing R Extensions’ manual. Flavor: r-devel-linux-x86_64-debian-gcc