CRAN Package Check Results for Package bisectr

Last updated on 2024-06-14 05:58:16 CEST.

Flavor Version Tinstall Tcheck Ttotal Status Flags
r-devel-linux-x86_64-debian-clang 0.1.0 9.01 62.45 71.46 OK
r-devel-linux-x86_64-debian-gcc 0.1.0 0.32 1.61 1.93 ERROR
r-devel-linux-x86_64-fedora-clang 0.1.0 86.89 OK
r-devel-linux-x86_64-fedora-gcc 0.1.0 82.79 OK
r-devel-windows-x86_64 0.1.0 8.00 61.00 69.00 OK
r-patched-linux-x86_64 0.1.0 4.37 59.27 63.64 OK
r-release-linux-x86_64 0.1.0 4.55 59.20 63.75 OK
r-release-macos-arm64 0.1.0 28.00 OK
r-release-macos-x86_64 0.1.0 64.00 OK
r-release-windows-x86_64 0.1.0 8.00 63.00 71.00 OK
r-oldrel-macos-arm64 0.1.0 28.00 OK
r-oldrel-macos-x86_64 0.1.0 43.00 OK
r-oldrel-windows-x86_64 0.1.0 10.00 71.00 81.00 OK

Check Details

Version: 0.1.0
Check: package dependencies
Result: ERROR Package required but not available: ‘devtools’ See section ‘The DESCRIPTION file’ in the ‘Writing R Extensions’ manual. Flavor: r-devel-linux-x86_64-debian-gcc