CRAN Package Check Results for Package biogas

Last updated on 2024-06-18 17:49:03 CEST.

Flavor Version Tinstall Tcheck Ttotal Status Flags
r-devel-linux-x86_64-debian-clang 1.23.2 8.37 106.36 114.73 OK
r-devel-linux-x86_64-debian-gcc 1.23.2 6.65 78.31 84.96 OK
r-devel-linux-x86_64-fedora-clang 1.23.2 144.74 OK
r-devel-linux-x86_64-fedora-gcc 1.23.2 148.64 OK
r-devel-windows-x86_64 1.23.2 7.00 140.00 147.00 OK
r-patched-linux-x86_64 1.23.2 8.48 101.59 110.07 OK
r-release-linux-x86_64 1.23.2 5.89 101.40 107.29 OK
r-release-macos-arm64 1.23.2 46.00 OK
r-release-macos-x86_64 1.23.2 85.00 WARN
r-release-windows-x86_64 1.23.2 9.00 139.00 148.00 OK
r-oldrel-macos-arm64 1.23.2 55.00 OK
r-oldrel-macos-x86_64 1.23.2 83.00 OK
r-oldrel-windows-x86_64 1.23.2 8.00 143.00 151.00 OK

Check Details

Version: 1.23.2
Check: re-building of vignette outputs
Result: WARN Error(s) in re-building vignettes: --- re-building ‘biogas_quick_start.Rnw’ using knitr Error: processing vignette 'biogas_quick_start.Rnw' failed with diagnostics: Running 'texi2dvi' on 'biogas_quick_start.tex' failed. LaTeX errors: ! Undefined control sequence. l.234 \hlkwd{library}\hldef {(biogas)} ? ! Emergency stop. ! Emergency stop. l.234 End of file on the terminal! ! ==> Fatal error occurred, no output PDF file produced! --- failed re-building ‘biogas_quick_start.Rnw’ --- re-building ‘calcBgMan_function.Rnw’ using knitr Error: processing vignette 'calcBgMan_function.Rnw' failed with diagnostics: Running 'texi2dvi' on 'calcBgMan_function.tex' failed. LaTeX errors: ! Undefined control sequence. l.163 \hlkwd{data}\hldef {(}\hlsng{"sludgeTwoBiogas"}\hldef{)} ? ! Emergency stop. ! Emergency stop. l.163 End of file on the terminal! ! ==> Fatal error occurred, no output PDF file produced! --- failed re-building ‘calcBgMan_function.Rnw’ --- re-building ‘calcBgVol_function.Rnw’ using knitr Error: processing vignette 'calcBgVol_function.Rnw' failed with diagnostics: Running 'texi2dvi' on 'calcBgVol_function.tex' failed. LaTeX errors: ! Undefined control sequence. l.146 \hlkwd{data}\hldef {(}\hlsng{"s3lcombo"}\hldef{)} ? ! Emergency stop. ! Emergency stop. l.146 End of file on the terminal! ! ==> Fatal error occurred, no output PDF file produced! --- failed re-building ‘calcBgVol_function.Rnw’ --- re-building ‘predBg_function.Rnw’ using knitr Error: processing vignette 'predBg_function.Rnw' failed with diagnostics: Running 'texi2dvi' on 'predBg_function.tex' failed. LaTeX errors: ! Undefined control sequence. l.88 \hlkwd{install.packages}\hldef {(}\hlsng{"biogas"}\hldef{)} ? ! Emergency stop. ! Emergency stop. l.88 End of file on the terminal! ! ==> Fatal error occurred, no output PDF file produced! --- failed re-building ‘predBg_function.Rnw’ SUMMARY: processing the following files failed: ‘biogas_quick_start.Rnw’ ‘calcBgMan_function.Rnw’ ‘calcBgVol_function.Rnw’ ‘predBg_function.Rnw’ Error: Vignette re-building failed. Execution halted Flavor: r-release-macos-x86_64