CRAN Package Check Results for Package bigreadr

Last updated on 2024-06-12 17:57:09 CEST.

Flavor Version Tinstall Tcheck Ttotal Status Flags
r-devel-linux-x86_64-debian-clang 0.2.5 20.52 36.27 56.79 OK
r-devel-linux-x86_64-debian-gcc 0.2.5 13.35 24.53 37.88 ERROR
r-devel-linux-x86_64-fedora-clang 0.2.5 80.84 OK
r-devel-linux-x86_64-fedora-gcc 0.2.5 77.50 OK
r-devel-windows-x86_64 0.2.5 17.00 71.00 88.00 OK
r-patched-linux-x86_64 0.2.5 18.27 36.17 54.44 OK
r-release-linux-x86_64 0.2.5 15.53 35.61 51.14 OK
r-release-macos-arm64 0.2.5 25.00 OK
r-release-macos-x86_64 0.2.5 36.00 OK
r-release-windows-x86_64 0.2.5 18.00 70.00 88.00 OK
r-oldrel-macos-arm64 0.2.5 28.00 OK
r-oldrel-macos-x86_64 0.2.5 37.00 OK
r-oldrel-windows-x86_64 0.2.5 22.00 78.00 100.00 OK

Check Details

Version: 0.2.5
Check: package dependencies
Result: NOTE Packages suggested but not available for checking: 'testthat', 'RSQLite' Flavor: r-devel-linux-x86_64-debian-gcc

Version: 0.2.5
Check: tests
Result: ERROR Running ‘spelling.R’ [0s/1s] Running ‘testthat.R’ [0s/1s] Running the tests in ‘tests/testthat.R’ failed. Complete output: > library(testthat) Error in library(testthat) : there is no package called 'testthat' Execution halted Flavor: r-devel-linux-x86_64-debian-gcc