CRAN Package Check Results for Package bibtex

Last updated on 2024-06-13 17:49:04 CEST.

Flavor Version Tinstall Tcheck Ttotal Status Flags
r-devel-linux-x86_64-debian-clang 0.5.1 2.26 41.64 43.90 OK
r-devel-linux-x86_64-debian-gcc 0.5.1 2.07 21.36 23.43 ERROR
r-devel-linux-x86_64-fedora-clang 0.5.1 54.38 OK
r-devel-linux-x86_64-fedora-gcc 0.5.1 54.44 OK
r-devel-windows-x86_64 0.5.1 4.00 65.00 69.00 OK
r-patched-linux-x86_64 0.5.1 2.53 39.66 42.19 OK
r-release-linux-x86_64 0.5.1 2.45 39.80 42.25 OK
r-release-macos-arm64 0.5.1 20.00 OK
r-release-macos-x86_64 0.5.1 48.00 OK
r-release-windows-x86_64 0.5.1 3.00 66.00 69.00 OK
r-oldrel-macos-arm64 0.5.1 22.00 OK
r-oldrel-macos-x86_64 0.5.1 31.00 OK
r-oldrel-windows-x86_64 0.5.1 4.00 76.00 80.00 OK

Check Details

Version: 0.5.1
Check: package dependencies
Result: NOTE Package suggested but not available for checking: ‘testthat’ Flavor: r-devel-linux-x86_64-debian-gcc

Version: 0.5.1
Check: tests
Result: ERROR Running ‘testthat.R’ [0s/1s] Running the tests in ‘tests/testthat.R’ failed. Complete output: > library(testthat) Error in library(testthat) : there is no package called 'testthat' Execution halted Flavor: r-devel-linux-x86_64-debian-gcc