CRAN Package Check Results for Package bench

Last updated on 2024-07-17 18:53:19 CEST.

Flavor Version Tinstall Tcheck Ttotal Status Flags
r-devel-linux-x86_64-debian-clang 1.1.3 7.23 59.93 67.16 OK
r-devel-linux-x86_64-debian-gcc 1.1.3 5.40 43.25 48.65 OK
r-devel-linux-x86_64-fedora-clang 1.1.3 81.26 OK
r-devel-linux-x86_64-fedora-gcc 1.1.3 77.55 OK
r-devel-windows-x86_64 1.1.3 14.00 78.00 92.00 NOTE
r-patched-linux-x86_64 1.1.3 9.89 56.92 66.81 OK
r-release-linux-x86_64 1.1.3 6.42 54.78 61.20 OK
r-release-macos-arm64 1.1.3 34.00 OK
r-release-macos-x86_64 1.1.3 53.00 OK
r-release-windows-x86_64 1.1.3 13.00 78.00 91.00 OK
r-oldrel-macos-arm64 1.1.3 35.00 OK
r-oldrel-macos-x86_64 1.1.3 73.00 OK
r-oldrel-windows-x86_64 1.1.3 16.00 84.00 100.00 OK

Check Details

Version: 1.1.3
Check: Rd cross-references
Result: NOTE Found the following Rd file(s) with Rd \link{} targets missing package anchors: press.Rd: tibble Please provide package anchors for all Rd \link{} targets not in the package itself and the base packages. Flavor: r-devel-windows-x86_64