CRAN Package Check Results for Package bdots

Last updated on 2024-06-12 17:57:09 CEST.

Flavor Version Tinstall Tcheck Ttotal Status Flags
r-devel-linux-x86_64-debian-clang 1.2.5 10.20 115.48 125.68 OK
r-devel-linux-x86_64-debian-gcc 1.2.5 0.36 2.02 2.38 ERROR
r-devel-linux-x86_64-fedora-clang 1.2.5 160.69 OK
r-devel-linux-x86_64-fedora-gcc 1.2.5 162.78 OK
r-devel-windows-x86_64 1.2.5 10.00 91.00 101.00 OK --no-vignettes
r-patched-linux-x86_64 1.2.5 10.87 102.40 113.27 OK
r-release-linux-x86_64 1.2.5 7.07 94.69 101.76 OK
r-release-macos-arm64 1.2.5 125.00 OK
r-release-macos-x86_64 1.2.5 184.00 OK
r-release-windows-x86_64 1.2.5 10.00 103.00 113.00 OK --no-vignettes
r-oldrel-macos-arm64 1.2.5 156.00 OK
r-oldrel-macos-x86_64 1.2.5 201.00 OK
r-oldrel-windows-x86_64 1.2.5 13.00 90.00 103.00 OK --no-vignettes

Check Details

Version: 1.2.5
Check: package dependencies
Result: ERROR Package required but not available: ‘ggplot2’ See section ‘The DESCRIPTION file’ in the ‘Writing R Extensions’ manual. Flavor: r-devel-linux-x86_64-debian-gcc