CRAN Package Check Results for Package bde

Last updated on 2024-06-19 06:57:57 CEST.

Flavor Version Tinstall Tcheck Ttotal Status Flags
r-devel-linux-x86_64-debian-clang 1.0.1.1 15.69 93.63 109.32 NOTE
r-devel-linux-x86_64-debian-gcc 1.0.1.1 11.52 68.28 79.80 NOTE
r-devel-linux-x86_64-fedora-clang 1.0.1.1 138.39 NOTE
r-devel-linux-x86_64-fedora-gcc 1.0.1.1 129.76 NOTE
r-devel-windows-x86_64 1.0.1.1 13.00 94.00 107.00 NOTE
r-patched-linux-x86_64 1.0.1.1 13.76 91.98 105.74 NOTE
r-release-linux-x86_64 1.0.1.1 12.33 89.43 101.76 NOTE
r-release-macos-arm64 1.0.1.1 37.00 NOTE
r-release-macos-x86_64 1.0.1.1 57.00 NOTE
r-release-windows-x86_64 1.0.1.1 14.00 92.00 106.00 NOTE
r-oldrel-macos-arm64 1.0.1.1 40.00 OK
r-oldrel-macos-x86_64 1.0.1.1 65.00 OK
r-oldrel-windows-x86_64 1.0.1.1 18.00 113.00 131.00 OK

Check Details

Version: 1.0.1.1
Check: Rd files
Result: NOTE checkRd: (-1) bde.Rd:20: Lost braces in \itemize; meant \describe ? checkRd: (-1) bde.Rd:21: Lost braces in \itemize; meant \describe ? checkRd: (-1) bde.Rd:22: Lost braces in \itemize; meant \describe ? checkRd: (-1) bde.Rd:23: Lost braces in \itemize; meant \describe ? checkRd: (-1) bde.Rd:34: Lost braces in \itemize; meant \describe ? checkRd: (-1) bde.Rd:35: Lost braces in \itemize; meant \describe ? checkRd: (-1) bde.Rd:36: Lost braces in \itemize; meant \describe ? checkRd: (-1) bde.Rd:37: Lost braces in \itemize; meant \describe ? checkRd: (-1) bde.Rd:42: Lost braces in \itemize; meant \describe ? checkRd: (-1) bde.Rd:47: Lost braces in \itemize; meant \describe ? checkRd: (-1) bde.Rd:48: Lost braces in \itemize; meant \describe ? checkRd: (-1) bde.Rd:49: Lost braces in \itemize; meant \describe ? checkRd: (-1) bde.Rd:54: Lost braces in \itemize; meant \describe ? checkRd: (-1) bde.Rd:55: Lost braces in \itemize; meant \describe ? checkRd: (-1) bde.Rd:56: Lost braces in \itemize; meant \describe ? Flavors: r-devel-linux-x86_64-debian-clang, r-devel-linux-x86_64-debian-gcc, r-devel-linux-x86_64-fedora-clang, r-devel-linux-x86_64-fedora-gcc, r-devel-windows-x86_64, r-patched-linux-x86_64, r-release-linux-x86_64, r-release-macos-arm64, r-release-macos-x86_64, r-release-windows-x86_64