CRAN Package Check Results for Package bcrm

Last updated on 2024-06-17 17:57:02 CEST.

Flavor Version Tinstall Tcheck Ttotal Status Flags
r-devel-linux-x86_64-debian-clang 0.5.4 9.30 65.26 74.56 OK
r-devel-linux-x86_64-debian-gcc 0.5.4 7.36 47.29 54.65 OK
r-devel-linux-x86_64-fedora-clang 0.5.4 94.47 NOTE
r-devel-linux-x86_64-fedora-gcc 0.5.4 87.47 NOTE
r-devel-windows-x86_64 0.5.4 9.00 64.00 73.00 NOTE
r-patched-linux-x86_64 0.5.4 9.64 62.15 71.79 OK
r-release-linux-x86_64 0.5.4 6.90 61.61 68.51 OK
r-release-macos-arm64 0.5.4 27.00 NOTE
r-release-macos-x86_64 0.5.4 42.00 NOTE
r-release-windows-x86_64 0.5.4 9.00 66.00 75.00 NOTE
r-oldrel-macos-arm64 0.5.4 30.00 NOTE
r-oldrel-macos-x86_64 0.5.4 42.00 NOTE
r-oldrel-windows-x86_64 0.5.4 12.00 78.00 90.00 NOTE

Check Details

Version: 0.5.4
Check: dependencies in R code
Result: NOTE Namespaces in Imports field not imported from: ‘knitr’ ‘rlang’ All declared Imports should be used. Flavors: r-devel-linux-x86_64-fedora-clang, r-devel-linux-x86_64-fedora-gcc

Version: 0.5.4
Check: package dependencies
Result: NOTE Package suggested but not available for checking: 'BRugs' Flavors: r-devel-windows-x86_64, r-release-macos-arm64, r-release-macos-x86_64, r-release-windows-x86_64, r-oldrel-macos-arm64, r-oldrel-macos-x86_64, r-oldrel-windows-x86_64