CRAN Package Check Results for Package bbw

Last updated on 2024-06-13 05:58:58 CEST.

Flavor Version Tinstall Tcheck Ttotal Status Flags
r-devel-linux-x86_64-debian-clang 0.2.0 3.39 39.32 42.71 OK
r-devel-linux-x86_64-debian-gcc 0.2.0 0.51 1.83 2.34 ERROR
r-devel-linux-x86_64-fedora-clang 0.2.0 55.08 OK
r-devel-linux-x86_64-fedora-gcc 0.2.0 68.22 OK
r-devel-windows-x86_64 0.2.0 4.00 53.00 57.00 OK
r-patched-linux-x86_64 0.2.0 3.64 37.85 41.49 OK
r-release-linux-x86_64 0.2.0 3.04 37.56 40.60 OK
r-release-macos-arm64 0.2.0 28.00 OK
r-release-macos-x86_64 0.2.0 40.00 OK
r-release-windows-x86_64 0.2.0 4.00 54.00 58.00 OK
r-oldrel-macos-arm64 0.2.0 30.00 OK
r-oldrel-macos-x86_64 0.2.0 39.00 OK
r-oldrel-windows-x86_64 0.2.0 5.00 66.00 71.00 OK

Check Details

Version: 0.2.0
Check: package dependencies
Result: ERROR Package required but not available: ‘car’ Package suggested but not available for checking: ‘testthat’ See section ‘The DESCRIPTION file’ in the ‘Writing R Extensions’ manual. Flavor: r-devel-linux-x86_64-debian-gcc