CRAN Package Check Results for Package bbotk

Last updated on 2024-06-12 17:57:09 CEST.

Flavor Version Tinstall Tcheck Ttotal Status Flags
r-devel-linux-x86_64-debian-clang 0.8.0 16.49 178.11 194.60 OK
r-devel-linux-x86_64-debian-gcc 0.8.0 13.56 105.72 119.28 NOTE
r-devel-linux-x86_64-fedora-clang 0.8.0 463.54 OK
r-devel-linux-x86_64-fedora-gcc 0.8.0 447.36 OK
r-devel-windows-x86_64 0.8.0 17.00 143.00 160.00 OK
r-patched-linux-x86_64 0.8.0 21.19 167.61 188.80 OK
r-release-linux-x86_64 0.8.0 14.81 167.91 182.72 OK
r-release-macos-arm64 0.8.0 76.00 OK
r-release-macos-x86_64 0.8.0 142.00 OK
r-release-windows-x86_64 0.8.0 17.00 141.00 158.00 OK
r-oldrel-macos-arm64 0.8.0 83.00 OK
r-oldrel-macos-x86_64 0.8.0 163.00 OK
r-oldrel-windows-x86_64 0.8.0 21.00 181.00 202.00 OK

Check Details

Version: 0.8.0
Check: package dependencies
Result: NOTE Packages suggested but not available for checking: 'nloptr', 'testthat' Flavor: r-devel-linux-x86_64-debian-gcc