CRAN Package Check Results for Package bayespm

Last updated on 2024-06-13 17:49:03 CEST.

Flavor Version Tinstall Tcheck Ttotal Status Flags
r-devel-linux-x86_64-debian-clang 0.2.0 14.60 117.77 132.37 OK
r-devel-linux-x86_64-debian-gcc 0.2.0 0.42 1.53 1.95 ERROR
r-devel-linux-x86_64-fedora-clang 0.2.0 169.05 OK
r-devel-linux-x86_64-fedora-gcc 0.2.0 159.45 OK
r-devel-windows-x86_64 0.2.0 15.00 96.00 111.00 OK
r-patched-linux-x86_64 0.2.0 15.28 110.27 125.55 OK
r-release-linux-x86_64 0.2.0 14.45 109.54 123.99 OK
r-release-macos-arm64 0.2.0 44.00 OK
r-release-macos-x86_64 0.2.0 70.00 OK
r-release-windows-x86_64 0.2.0 16.00 94.00 110.00 OK
r-oldrel-macos-arm64 0.2.0 64.00 OK
r-oldrel-macos-x86_64 0.2.0 88.00 OK
r-oldrel-windows-x86_64 0.2.0 20.00 120.00 140.00 OK

Check Details

Version: 0.2.0
Check: package dependencies
Result: ERROR Package required but not available: ‘ggplot2’ See section ‘The DESCRIPTION file’ in the ‘Writing R Extensions’ manual. Flavor: r-devel-linux-x86_64-debian-gcc