CRAN Package Check Results for Package bayesboot

Last updated on 2024-07-13 06:49:32 CEST.

Flavor Version Tinstall Tcheck Ttotal Status Flags
r-devel-linux-x86_64-debian-clang 0.2.2 1.53 36.18 37.71 NOTE
r-devel-linux-x86_64-debian-gcc 0.2.2 1.88 27.30 29.18 NOTE
r-devel-linux-x86_64-fedora-clang 0.2.2 48.90 NOTE
r-devel-linux-x86_64-fedora-gcc 0.2.2 48.26 NOTE
r-devel-windows-x86_64 0.2.2 3.00 51.00 54.00 NOTE
r-patched-linux-x86_64 0.2.2 4.46 35.85 40.31 NOTE
r-release-linux-x86_64 0.2.2 1.49 35.13 36.62 NOTE
r-release-macos-arm64 0.2.2 19.00 NOTE
r-release-macos-x86_64 0.2.2 29.00 NOTE
r-release-windows-x86_64 0.2.2 4.00 51.00 55.00 NOTE
r-oldrel-macos-arm64 0.2.2 21.00 NOTE
r-oldrel-macos-x86_64 0.2.2 29.00 NOTE
r-oldrel-windows-x86_64 0.2.2 4.00 57.00 61.00 NOTE

Check Details

Version: 0.2.2
Check: LazyData
Result: NOTE 'LazyData' is specified without a 'data' directory Flavors: r-devel-linux-x86_64-debian-clang, r-devel-linux-x86_64-debian-gcc, r-devel-linux-x86_64-fedora-clang, r-devel-linux-x86_64-fedora-gcc, r-devel-windows-x86_64, r-patched-linux-x86_64, r-release-linux-x86_64, r-release-macos-arm64, r-release-macos-x86_64, r-release-windows-x86_64, r-oldrel-macos-arm64, r-oldrel-macos-x86_64, r-oldrel-windows-x86_64

Version: 0.2.2
Check: Rd cross-references
Result: NOTE Found the following Rd file(s) with Rd \link{} targets missing package anchors: plotPost.Rd: hdi Please provide package anchors for all Rd \link{} targets not in the package itself and the base packages. Flavor: r-devel-windows-x86_64