CRAN Package Check Results for Package bayesGARCH

Last updated on 2024-07-12 06:53:01 CEST.

Flavor Version Tinstall Tcheck Ttotal Status Flags
r-devel-linux-x86_64-debian-clang 2.1.10 3.35 33.26 36.61 OK
r-devel-linux-x86_64-debian-gcc 2.1.10 2.28 24.97 27.25 OK
r-devel-linux-x86_64-fedora-clang 2.1.10 46.85 NOTE
r-devel-linux-x86_64-fedora-gcc 2.1.10 45.81 OK
r-devel-windows-x86_64 2.1.10 6.00 56.00 62.00 OK
r-patched-linux-x86_64 2.1.10 2.49 31.43 33.92 OK
r-release-linux-x86_64 2.1.10 2.67 31.53 34.20 OK
r-release-macos-arm64 2.1.10 19.00 OK
r-release-macos-x86_64 2.1.10 28.00 OK
r-release-windows-x86_64 2.1.10 6.00 56.00 62.00 OK
r-oldrel-macos-arm64 2.1.10 24.00 OK
r-oldrel-macos-x86_64 2.1.10 34.00 NOTE
r-oldrel-windows-x86_64 2.1.10 6.00 57.00 63.00 OK

Check Details

Version: 2.1.10
Check: Rd cross-references
Result: NOTE Undeclared package ‘fGarch’ in Rd xrefs Flavor: r-devel-linux-x86_64-fedora-clang

Version: 2.1.10
Check: Rd cross-references
Result: NOTE Package unavailable to check Rd xrefs: ‘fGarch’ Flavor: r-oldrel-macos-x86_64