CRAN Package Check Results for Package bayesCT

Last updated on 2024-07-12 18:52:08 CEST.

Flavor Version Tinstall Tcheck Ttotal Status Flags
r-devel-linux-x86_64-debian-clang 0.99.3 16.45 383.16 399.61 OK
r-devel-linux-x86_64-debian-gcc 0.99.3 12.00 271.68 283.68 OK
r-devel-linux-x86_64-fedora-clang 0.99.3 508.22 OK
r-devel-linux-x86_64-fedora-gcc 0.99.3 469.00 OK
r-devel-windows-x86_64 0.99.3 13.00 255.00 268.00 NOTE
r-patched-linux-x86_64 0.99.3 21.45 354.16 375.61 OK
r-release-linux-x86_64 0.99.3 15.72 353.00 368.72 OK
r-release-macos-arm64 0.99.3 121.00 OK
r-release-macos-x86_64 0.99.3 479.00 OK
r-release-windows-x86_64 0.99.3 13.00 249.00 262.00 OK
r-oldrel-macos-arm64 0.99.3 135.00 OK
r-oldrel-macos-x86_64 0.99.3 269.00 OK
r-oldrel-windows-x86_64 0.99.3 17.00 345.00 362.00 OK

Check Details

Version: 0.99.3
Check: Rd cross-references
Result: NOTE Found the following Rd file(s) with Rd \link{} targets missing package anchors: binomialBACT.Rd: bdpnormal binomial_analysis.Rd: bdpnormal historical_binomial.Rd: bdpnormal historical_normal.Rd: bdpnormal historical_survival.Rd: bdpnormal normalBACT.Rd: bdpnormal normal_analysis.Rd: bdpnormal survivalBACT.Rd: bdpnormal survival_analysis.Rd: bdpnormal Please provide package anchors for all Rd \link{} targets not in the package itself and the base packages. Flavor: r-devel-windows-x86_64