CRAN Package Check Results for Package batchtools

Last updated on 2024-07-17 06:57:46 CEST.

Flavor Version Tinstall Tcheck Ttotal Status Flags
r-devel-linux-x86_64-debian-clang 0.9.17 15.96 163.69 179.65 NOTE
r-devel-linux-x86_64-debian-gcc 0.9.17 10.79 119.03 129.82 NOTE
r-devel-linux-x86_64-fedora-clang 0.9.17 238.92 NOTE
r-devel-linux-x86_64-fedora-gcc 0.9.17 236.50 NOTE
r-devel-windows-x86_64 0.9.17 15.00 173.00 188.00 NOTE
r-patched-linux-x86_64 0.9.17 20.87 152.30 173.17 NOTE
r-release-linux-x86_64 0.9.17 13.96 156.74 170.70 NOTE
r-release-macos-arm64 0.9.17 88.00 NOTE
r-release-macos-x86_64 0.9.17 136.00 NOTE
r-release-windows-x86_64 0.9.17 15.00 172.00 187.00 NOTE
r-oldrel-macos-arm64 0.9.17 92.00 NOTE
r-oldrel-macos-x86_64 0.9.17 158.00 NOTE
r-oldrel-windows-x86_64 0.9.17 22.00 205.00 227.00 OK

Check Details

Version: 0.9.17
Check: Rd files
Result: NOTE checkRd: (-1) JobCollection.Rd:41: Lost braces 41 | \item{namespaces}{code{character} with required packages to load via \code{\link[base]{requireNamespace}}.} | ^ checkRd: (-1) addAlgorithm.Rd:31: Lost braces 31 | Algorithms are functions which get the code{data} part as well as the problem instance (the return value of the | ^ Flavors: r-devel-linux-x86_64-debian-clang, r-devel-linux-x86_64-debian-gcc, r-devel-linux-x86_64-fedora-clang, r-devel-linux-x86_64-fedora-gcc, r-devel-windows-x86_64, r-patched-linux-x86_64, r-release-linux-x86_64, r-release-macos-arm64, r-release-macos-x86_64, r-release-windows-x86_64

Version: 0.9.17
Check: Rd cross-references
Result: NOTE Undeclared package ‘Rmpi’ in Rd xrefs Flavor: r-devel-linux-x86_64-fedora-clang

Version: 0.9.17
Check: Rd cross-references
Result: NOTE Found the following Rd file(s) with Rd \link{} targets missing package anchors: JoinTables.Rd: data.table Worker.Rd: R6Class addExperiments.Rd: data.table batchMap.Rd: data.table batchMapResults.Rd: data.table batchReduce.Rd: data.table estimateRuntimes.Rd: data.table findJobs.Rd: data.table getErrorMessages.Rd: data.table getJobTable.Rd: data.table grepLogs.Rd: data.table killJobs.Rd: data.table removeExperiments.Rd: data.table resetJobs.Rd: data.table runHook.Rd: data.table submitJobs.Rd: data.table summarizeExperiments.Rd: data.table unwrap.Rd: data.table Please provide package anchors for all Rd \link{} targets not in the package itself and the base packages. Flavor: r-devel-windows-x86_64

Version: 0.9.17
Check: package dependencies
Result: NOTE Package suggested but not available for checking: ‘doMPI’ Flavors: r-release-macos-arm64, r-release-macos-x86_64, r-oldrel-macos-arm64, r-oldrel-macos-x86_64

Version: 0.9.17
Check: Rd cross-references
Result: NOTE Package unavailable to check Rd xrefs: ‘Rmpi’ Flavors: r-release-macos-arm64, r-release-macos-x86_64, r-oldrel-macos-arm64, r-oldrel-macos-x86_64