CRAN Package Check Results for Package bartCause

Last updated on 2024-06-14 05:58:16 CEST.

Flavor Version Tinstall Tcheck Ttotal Status Flags
r-devel-linux-x86_64-debian-clang 1.0-8 7.80 183.98 191.78 OK
r-devel-linux-x86_64-debian-gcc 1.0-8 6.28 40.50 46.78 NOTE
r-devel-linux-x86_64-fedora-clang 1.0-8 241.81 OK
r-devel-linux-x86_64-fedora-gcc 1.0-8 234.28 OK
r-devel-windows-x86_64 1.0-8 7.00 186.00 193.00 OK
r-patched-linux-x86_64 1.0-8 8.89 184.28 193.17 OK
r-release-linux-x86_64 1.0-8 6.27 175.68 181.95 OK
r-release-macos-arm64 1.0-8 33.00 OK
r-release-macos-x86_64 1.0-8 118.00 OK
r-release-windows-x86_64 1.0-8 7.00 181.00 188.00 OK
r-oldrel-macos-arm64 1.0-8 37.00 OK
r-oldrel-macos-x86_64 1.0-8 76.00 OK
r-oldrel-windows-x86_64 1.0-8 9.00 215.00 224.00 OK

Check Details

Version: 1.0-8
Check: package dependencies
Result: NOTE Packages suggested but not available for checking: 'testthat', 'lme4' Flavor: r-devel-linux-x86_64-debian-gcc