CRAN Package Check Results for Package backShift

Last updated on 2024-07-15 18:51:07 CEST.

Flavor Version Tinstall Tcheck Ttotal Status Flags
r-devel-linux-x86_64-debian-clang 0.1.4.3 7.23 159.71 166.94 OK
r-devel-linux-x86_64-debian-gcc 0.1.4.3 6.97 114.77 121.74 OK
r-devel-linux-x86_64-fedora-clang 0.1.4.3 205.87 NOTE
r-devel-linux-x86_64-fedora-gcc 0.1.4.3 210.00 OK
r-devel-windows-x86_64 0.1.4.3 13.00 127.00 140.00 OK
r-patched-linux-x86_64 0.1.4.3 8.43 151.92 160.35 OK
r-release-linux-x86_64 0.1.4.3 7.87 153.15 161.02 OK
r-release-macos-arm64 0.1.4.3 67.00 OK
r-release-macos-x86_64 0.1.4.3 95.00 OK
r-release-windows-x86_64 0.1.4.3 12.00 125.00 137.00 OK
r-oldrel-macos-arm64 0.1.4.3 68.00 OK
r-oldrel-macos-x86_64 0.1.4.3 108.00 OK
r-oldrel-windows-x86_64 0.1.4.3 14.00 153.00 167.00 OK

Check Details

Version: 0.1.4.3
Check: Rd cross-references
Result: NOTE Undeclared packages ‘InvariantCausalPrediction’, ‘CompareCausalNetworks’ in Rd xrefs Flavor: r-devel-linux-x86_64-fedora-clang