CRAN Package Check Results for Package bReeze

Last updated on 2024-06-13 17:49:04 CEST.

Flavor Version Tinstall Tcheck Ttotal Status Flags
r-devel-linux-x86_64-debian-clang 0.4-4 10.60 81.95 92.55 OK
r-devel-linux-x86_64-debian-gcc 0.4-4 0.56 1.53 2.09 ERROR
r-devel-linux-x86_64-fedora-clang 0.4-4 122.52 OK
r-devel-linux-x86_64-fedora-gcc 0.4-4 110.07 OK
r-devel-windows-x86_64 0.4-4 10.00 71.00 81.00 OK
r-patched-linux-x86_64 0.4-4 16.06 77.50 93.56 OK
r-release-linux-x86_64 0.4-4 10.69 74.39 85.08 OK
r-release-macos-arm64 0.4-4 29.00 OK
r-release-macos-x86_64 0.4-4 46.00 OK
r-release-windows-x86_64 0.4-4 11.00 76.00 87.00 OK
r-oldrel-macos-arm64 0.4-4 37.00 OK
r-oldrel-macos-x86_64 0.4-4 75.00 OK
r-oldrel-windows-x86_64 0.4-4 15.00 83.00 98.00 OK

Check Details

Version: 0.4-4
Check: package dependencies
Result: ERROR Package required but not available: ‘lubridate’ See section ‘The DESCRIPTION file’ in the ‘Writing R Extensions’ manual. Flavor: r-devel-linux-x86_64-debian-gcc