CRAN Package Check Results for Package aws.lambda

Last updated on 2024-06-25 07:06:14 CEST.

Flavor Version Tinstall Tcheck Ttotal Status Flags
r-devel-linux-x86_64-debian-clang 0.2.0 2.91 27.75 30.66 NOTE
r-devel-linux-x86_64-debian-gcc 0.2.0 2.03 21.54 23.57 NOTE
r-devel-linux-x86_64-fedora-clang 0.2.0 38.92 NOTE
r-devel-linux-x86_64-fedora-gcc 0.2.0 36.48 NOTE
r-devel-windows-x86_64 0.2.0 5.00 57.00 62.00 NOTE
r-patched-linux-x86_64 0.2.0 2.28 26.38 28.66 NOTE
r-release-linux-x86_64 0.2.0 2.61 26.62 29.23 NOTE
r-release-macos-arm64 0.2.0 18.00 NOTE
r-release-macos-x86_64 0.2.0 25.00 NOTE
r-release-windows-x86_64 0.2.0 7.00 62.00 69.00 NOTE
r-oldrel-macos-arm64 0.2.0 22.00 NOTE
r-oldrel-macos-x86_64 0.2.0 24.00 NOTE
r-oldrel-windows-x86_64 0.2.0 6.00 62.00 68.00 NOTE

Check Details

Version: 0.2.0
Check: LazyData
Result: NOTE 'LazyData' is specified without a 'data' directory Flavors: r-devel-linux-x86_64-debian-clang, r-devel-linux-x86_64-debian-gcc, r-devel-linux-x86_64-fedora-clang, r-devel-linux-x86_64-fedora-gcc, r-devel-windows-x86_64, r-patched-linux-x86_64, r-release-linux-x86_64, r-release-macos-arm64, r-release-macos-x86_64, r-release-windows-x86_64, r-oldrel-macos-arm64, r-oldrel-macos-x86_64, r-oldrel-windows-x86_64