CRAN Package Check Results for Package avotrex

Last updated on 2024-06-14 05:58:15 CEST.

Flavor Version Tinstall Tcheck Ttotal Status Flags
r-devel-linux-x86_64-debian-clang 1.2.0 15.05 180.40 195.45 OK
r-devel-linux-x86_64-debian-gcc 1.2.0 0.34 1.88 2.22 ERROR
r-devel-linux-x86_64-fedora-clang 1.2.0 248.93 OK
r-devel-linux-x86_64-fedora-gcc 1.2.0 259.05 OK
r-devel-windows-x86_64 1.2.0 16.00 138.00 154.00 OK
r-patched-linux-x86_64 1.2.0 16.40 175.94 192.34 OK
r-release-linux-x86_64 1.1.0 10.78 175.56 186.34 OK
r-release-macos-arm64 1.2.0 76.00 OK
r-release-macos-x86_64 1.2.0 197.00 OK
r-release-windows-x86_64 1.2.0 16.00 140.00 156.00 OK
r-oldrel-macos-arm64 1.2.0 102.00 OK
r-oldrel-macos-x86_64 1.2.0 178.00 OK
r-oldrel-windows-x86_64 1.2.0 23.00 171.00 194.00 OK

Check Details

Version: 1.2.0
Check: package dependencies
Result: ERROR Packages required but not available: 'dplyr', 'phytools', 'stringr', 'tidytree' Package suggested but not available for checking: ‘testthat’ See section ‘The DESCRIPTION file’ in the ‘Writing R Extensions’ manual. Flavor: r-devel-linux-x86_64-debian-gcc