CRAN Package Check Results for Package automl

Last updated on 2024-06-19 06:57:56 CEST.

Flavor Version Tinstall Tcheck Ttotal Status Flags
r-devel-linux-x86_64-debian-clang 1.3.2 4.35 45.11 49.46 NOTE
r-devel-linux-x86_64-debian-gcc 1.3.2 3.71 33.18 36.89 NOTE
r-devel-linux-x86_64-fedora-clang 1.3.2 65.00 NOTE
r-devel-linux-x86_64-fedora-gcc 1.3.2 71.07 NOTE
r-devel-windows-x86_64 1.3.2 5.00 60.00 65.00 NOTE
r-patched-linux-x86_64 1.3.2 4.55 41.57 46.12 NOTE
r-release-linux-x86_64 1.3.2 5.26 41.96 47.22 NOTE
r-release-macos-arm64 1.3.2 27.00 NOTE
r-release-macos-x86_64 1.3.2 41.00 NOTE
r-release-windows-x86_64 1.3.2 5.00 58.00 63.00 NOTE
r-oldrel-macos-arm64 1.3.2 27.00 NOTE
r-oldrel-macos-x86_64 1.3.2 42.00 NOTE
r-oldrel-windows-x86_64 1.3.2 9.00 61.00 70.00 NOTE

Check Details

Version: 1.3.2
Check: LazyData
Result: NOTE 'LazyData' is specified without a 'data' directory Flavors: r-devel-linux-x86_64-debian-clang, r-devel-linux-x86_64-debian-gcc, r-devel-linux-x86_64-fedora-clang, r-devel-linux-x86_64-fedora-gcc, r-devel-windows-x86_64, r-patched-linux-x86_64, r-release-linux-x86_64, r-release-macos-arm64, r-release-macos-x86_64, r-release-windows-x86_64, r-oldrel-macos-arm64, r-oldrel-macos-x86_64, r-oldrel-windows-x86_64