CRAN Package Check Results for Package autokeras

Last updated on 2024-06-22 17:57:27 CEST.

Flavor Version Tinstall Tcheck Ttotal Status Flags
r-devel-linux-x86_64-debian-clang 1.0.12 9.25 86.83 96.08 NOTE
r-devel-linux-x86_64-debian-gcc 1.0.12 6.65 65.48 72.13 NOTE
r-devel-linux-x86_64-fedora-clang 1.0.12 125.66 NOTE
r-devel-linux-x86_64-fedora-gcc 1.0.12 117.94 NOTE
r-devel-windows-x86_64 1.0.12 10.00 138.00 148.00 NOTE
r-patched-linux-x86_64 1.0.12 6.79 82.33 89.12 NOTE
r-release-linux-x86_64 1.0.12 10.02 83.66 93.68 NOTE
r-release-macos-arm64 1.0.12 32.00 NOTE
r-release-macos-x86_64 1.0.12 51.00 NOTE
r-release-windows-x86_64 1.0.12 8.00 138.00 146.00 NOTE
r-oldrel-macos-arm64 1.0.12 35.00 NOTE
r-oldrel-macos-x86_64 1.0.12 59.00 NOTE
r-oldrel-windows-x86_64 1.0.12 11.00 122.00 133.00 NOTE

Check Details

Version: 1.0.12
Check: LazyData
Result: NOTE 'LazyData' is specified without a 'data' directory Flavors: r-devel-linux-x86_64-debian-clang, r-devel-linux-x86_64-debian-gcc, r-devel-linux-x86_64-fedora-clang, r-devel-linux-x86_64-fedora-gcc, r-devel-windows-x86_64, r-patched-linux-x86_64, r-release-linux-x86_64, r-release-macos-arm64, r-release-macos-x86_64, r-release-windows-x86_64, r-oldrel-macos-arm64, r-oldrel-macos-x86_64, r-oldrel-windows-x86_64

Version: 1.0.12
Check: Rd cross-references
Result: NOTE Undeclared package ‘tensorflow’ in Rd xrefs Flavor: r-devel-linux-x86_64-fedora-clang