CRAN Package Check Results for Package autoharp

Last updated on 2024-07-24 06:57:10 CEST.

Flavor Version Tinstall Tcheck Ttotal Status Flags
r-devel-linux-x86_64-debian-clang 0.0.10 6.85 67.13 73.98 OK
r-devel-linux-x86_64-debian-gcc 0.0.10 7.67 50.67 58.34 NOTE
r-devel-linux-x86_64-fedora-clang 0.0.10 95.95 OK
r-devel-linux-x86_64-fedora-gcc 0.0.10 88.92 OK
r-devel-windows-x86_64 0.0.10 12.00 85.00 97.00 NOTE
r-patched-linux-x86_64 0.0.10 13.22 63.72 76.94 OK
r-release-linux-x86_64 0.0.10 7.99 66.28 74.27 OK
r-release-macos-arm64 0.0.10 35.00 OK
r-release-macos-x86_64 0.0.10 52.00 OK
r-release-windows-x86_64 0.0.10 10.00 84.00 94.00 OK
r-oldrel-macos-arm64 0.0.10 38.00 OK
r-oldrel-macos-x86_64 0.0.10 43.00 OK
r-oldrel-windows-x86_64 0.0.10 13.00 98.00 111.00 OK

Check Details

Version: 0.0.10
Check: Rd cross-references
Result: NOTE Found the following Rd file(s) with Rd \link{} targets missing package anchors: rmd_to_forestharp.Rd: get_source_expressions Please provide package anchors for all Rd \link{} targets not in the package itself and the base packages. Flavors: r-devel-linux-x86_64-debian-gcc, r-devel-windows-x86_64